898 is divided by 25?
23
What is the remainder when 1116 is divided by 65?
11
Calculate the remainder when 973 is divided by 61.
58
Calculate the remainder when 64 is divided by 53.
11
What is the remainder when 932 is divided by 465?
2
What is the remainder when 7840 is divided by 106?
102
What is the remainder when 527 is divided by 33?
32
What is the remainder when 11 is divided by 11?
0
What is the remainder when 321 is divided by 83?
72
Calculate the remainder when 58 is divided by 24.
10
What is the remainder when 16532 is divided by 424?
420
What is the remainder when 921 is divided by 13?
11
Calculate the remainder when 213 is divided by 32.
21
What is the remainder when 285 is divided by 49?
40
Calculate the remainder when 841 is divided by 210.
1
What is the remainder when 380 is divided by 133?
114
What is the remainder when 1147 is divided by 227?
12
Calculate the remainder when 73 is divided by 13.
8
What is the remainder when 136245 is divided by 14?
11
Calculate the remainder when 159 is divided by 56.
47
What is the remainder when 115 is divided by 20?
15
Calculate the remainder when 193 is divided by 77.
39
What is the remainder when 99 is divided by 55?
44
Calculate the remainder when 110 is divided by 14.
12
What is the remainder when 247 is divided by 192?
55
What is the remainder when 637 is divided by 209?
10
What is the remainder when 790 is divided by 22?
20
What is the remainder when 175 is divided by 59?
57
Calculate the remainder when 53 is divided by 18.
17
Calculate the remainder when 531 is divided by 246.
39
Calculate the remainder when 110 is divided by 20.
10
Calculate the remainder when 15321 is divided by 4.
1
What is the remainder when 299 is divided by 10?
9
Calculate the remainder when 495 is divided by 121.
11
Calculate the remainder when 475 is divided by 53.
51
What is the remainder when 207 is divided by 66?
9
Calculate the remainder when 1857 is divided by 15.
12
What is the remainder when 8181 is divided by 62?
59
Calculate the remainder when 327 is divided by 158.
11
Calculate the remainder when 1126 is divided by 375.
1
Calculate the remainder when 794 is divided by 53.
52
Calculate the remainder when 1747 is divided by 46.
45
What is the remainder when 612 is divided by 187?
51
What is the remainder when 44 is divided by 6?
2
Calculate the remainder when 955 is divided by 24.
19
Calculate the remainder when 1369 is divided by 455.
4
Calculate the remainder when 12035 is divided by 70.
65
Calculate the remainder when 109 is divided by 11.
10
What is the remainder when 736 is divided by 64?
32
Calculate the remainder when 110 is divided by 39.
32
Calculate the remainder when 391 is divided by 12.
7
What is the remainder when 325 is divided by 68?
53
What is the remainder when 2302 is divided by 31?
8
What is the remainder when 628 is divided by 25?
3
What is the remainder when 45 is divided by 24?
21
What is the remainder when 312 is divided by 31?
2
What is the remainder when 118 is divided by 60?
58
Calculate the remainder when 42 is divided by 5.
2
Calculate the remainder when 352 is divided by 93.
73
What is the remainder when 182 is divided by 48?
38
Calculate the remainder when 5206 is divided by 124.
122
What is the remainder when 183 is divided by 37?
35
Calculate the remainder when 437 is divided by 73.
72
What is the remainder when 26 is divided by 6?
2
Calculate the remainder when 607 is divided by 122.
119
What is the remainder when 21846 is divided by 46?
42
What is the remainder when 1315 is divided by 9?
1
Calculate the remainder when 225 is divided by 113.
112
What is the remainder when 2680 is divided by 2674?
6
What is the remainder when 732 is divided by 33?
6
Calculate the remainder when 188 is divided by 60.
8
What is the remainder when 878 is divided by 175?
3
What is the remainder when 5200 is divided by 1731?
7
Calculate the remainder when 22 is divided by 10.
2
Calculate the remainder when 14 is divided by 4.
2
Calculate the remainder when 94 is divided by 16.
14
What is the remainder when 139 is divided by 62?
15
What is the remainder when 1870 is divided by 13?
11
What is the remainder when 1141 is divided by 255?
121
Calculate the remainder when 500 is divided by 9.
5
Calculate the remainder when 169 is divided by 9.
7
What is the remainder when 491 is divided by 240?
11
Calculate the remainder when 582 is divided by 73.
71
What is the remainder when 10359 is divided by 35?
34
Calculate the remainder when 62 is divided by 36.
26
What is the remainder when 1901 is divided by 69?
38
Calculate the remainder when 213 is divided by 31.
27
Calculate the remainder when 102 is divided by 20.
2
Calculate the remainder when 1260 is divided by 417.
9
What is the remainder when 1274 is divided by 28?
14
What is the remainder when 165 is divided by 53?
6
Calculate the remainder when 2377 is divided by 17.
14
Calculate the remainder when 689 is divided by 10.
9
What is the remainder when 6947 is divided by 12?
11
What is the remainder when 601 is divided by 445?
156
Calculate the remainder when 1221 is divided by 113.
91
Calculate the remainder when 228 is divided by 69.
21
What is the remainder when 365 is divided by 122?
121
What is the remainder when 1366 is divided by 196?
190
Calculate the remainder when 568 is divided by 96.
88
What is the remainder when 97 is divided by 48?
1
What is the remainder when 126 is divided by 16?
14
What is the remainder when 3004 is divided by 22?
12
Calculate the remainder when 51 is divided by 5.
1
What is the remainder when 3832 is divided by 71?
69
What is the remainder when 440 is divided by 164?
112
Calculate the remainder when 733 is divided by 16.
13
Calculate the remainder when 49 is divided by 25.
24
What is the remainder when 683 is divided by 16?
11
What is the remainder when 414 is divided by 83?
82
Calculate the remainder when 164 is divided by 42.
38
What is the remainder when 461 is divided by 77?
76
Calculate the remainder when 269 is divided by 54.
53
Calculate the remainder when 7204 is divided by 55.
54
What is the remainder when 147 is divided by 97?
50
What is the remainder when 993 is divided by 14?
13
Calculate the remainder when 30 is divided by 19.
11
What is the remainder when 783 is divided by 23?
1
Calculate the remainder when 62 is divided by 56.
6
What is the remainder when 26 is divided by 18?
8
Calculate the remainder when 354 is divided by 34.
14
Calculate the remainder when 839 is divided by 47.
40
What is the remainder when 427 is divided by 14?
7
Calculate the remainder when 528 is divided by 176.
0
Calculate the remainder when 418 is divided by 117.
67
Calculate the remainder when 1594 is divided by 224.
26
What is the remainder when 44802 is divided by 46?
44
Calculate the remainder when 458 is divided by 56.
10
Calculate the remainder when 413 is divided by 38.
33
What is the remainder when 236 is divided by 60?
56
Calculate the remainder when 624 is divided by 35.
29
Calculate the remainder when 242 is divided by 110.
22
Calculate the remainder when 697 is divided by 27.
22
What is the remainder when 3918 is divided by 781?
13
Calculate the remainder when 176 is divided by 39.
20
What is the remainder when 40 is divided by 19?
2
What is the remainder when 9 is divided by 8?
1
What is the remainder when 943 is divided by 9?
7
What is the remainder when 3992 is divided by 148?
144
What is the remainder when 1251 is divided by 45?
36
What is the remainder when 747 is divided by 62?
3
What is the remainder when 255 is divided by 8?
7
Calculate the remainder when 2163 is divided by 19.
16
Calculate the remainder when 6663 is divided by 17.
16
What is the remainder when 197 is divided by 71?
55
What is the remainder when 45 is divided by 9?
0
Calculate the remainder when 80 is divided by 28.
24
What is the remainder when 88 is divided by 16?
8
Calculate the remainder when 242 is divided by 63.
53
What is the remainder when 124 is divided by 63?
61
Calculate the remainder when 1678 is divided by 48.
46
Calculate the remainder when 310 is divided by 52.
50
Calculate the remainder when 186 is divided by 17.
16
What is the remainder when 982 is divided by 343?
296
Calculate the remainder when 9084 is divided by 395